{"id":3,"date":"2024-12-19T20:04:12","date_gmt":"2024-12-19T20:04:12","guid":{"rendered":"https:\/\/qualityfootball.com\/?page_id=3"},"modified":"2025-08-09T05:47:34","modified_gmt":"2025-08-09T05:47:34","slug":"privacy-policy","status":"publish","type":"page","link":"https:\/\/academiacf.com\/index.php\/privacy-policy\/","title":{"rendered":"Pol\u00edtica de Privacidad"},"content":{"rendered":"\t\t<div data-elementor-type=\"wp-page\" data-elementor-id=\"3\" class=\"elementor elementor-3\">\n\t\t\t\t<div class=\"elementor-element elementor-element-7e122c8 e-con-full e-flex wpr-particle-no wpr-jarallax-no wpr-parallax-no wpr-sticky-section-no wpr-equal-height-no e-con e-parent\" data-id=\"7e122c8\" data-element_type=\"container\" data-e-type=\"container\" data-settings=\"{&quot;background_background&quot;:&quot;classic&quot;}\">\n\t\t\t\t<div class=\"elementor-element elementor-element-2a3c05f elementor-widget-tablet__width-inherit eael-dual-header-content-mobile-align-center elementor-widget__width-initial eael-dual-header-content-align-center elementor-widget elementor-widget-eael-dual-color-header\" data-id=\"2a3c05f\" data-element_type=\"widget\" data-e-type=\"widget\" data-widget_type=\"eael-dual-color-header.default\">\n\t\t\t\t<div class=\"elementor-widget-container\">\n\t\t\t\t\t\t\t\t<div class=\"eael-dual-header\">\n\t\t\t\t<h1 class=\"title eael-dch-title\"><span class=\"eael-dch-title-text eael-dch-title-lead lead solid-color\"><\/span> <span class=\"eael-dch-title-text\">Pol\u00edtica de Privacidad<\/span><\/h1>\t\t\t<\/div>\n\n\t\t\t\t\t\t<\/div>\n\t\t\t\t<\/div>\n\t\t\t\t<\/div>\n\t\t<div class=\"elementor-element elementor-element-635b901e e-flex e-con-boxed wpr-particle-no wpr-jarallax-no wpr-parallax-no wpr-sticky-section-no wpr-equal-height-no e-con e-parent\" data-id=\"635b901e\" data-element_type=\"container\" data-e-type=\"container\">\n\t\t\t\t\t<div class=\"e-con-inner\">\n\t\t\t\t<div class=\"elementor-element elementor-element-59c8443b elementor-widget elementor-widget-text-editor\" data-id=\"59c8443b\" data-element_type=\"widget\" data-e-type=\"widget\" data-widget_type=\"text-editor.default\">\n\t\t\t\t<div class=\"elementor-widget-container\">\n\t\t\t\t\t\t\t\t\t<p><span style=\"color: #ffffff;\"><\/span><\/p>\n<h2 class=\"wp-block-heading\"><span style=\"color: #ffffff;\">Qui\u00e9nes somos<\/span><\/h2>\n<p><span style=\"color: #ffffff;\"><\/span><\/p>\n<div id=\"quines-somos\" class=\"elementor-tab-title eael-accordion-header show-this active\" tabindex=\"0\" data-tab=\"1\" aria-controls=\"elementor-tab-content-1271\"><span style=\"font-size: 16px; color: #ffffff;\">La direcci\u00f3n de nuestra web es: https:\/\/academiacf.com<\/span><\/div>\n<div tabindex=\"0\" data-tab=\"1\" aria-controls=\"elementor-tab-content-1271\">\u00a0<\/div>\n<p><span style=\"color: #ffffff;\"><\/span><\/p>\n<h3 class=\"wp-block-heading\"><span style=\"color: #ffffff;\"><strong>Comentarios<\/strong><\/span><\/h3>\n<p><span style=\"color: #ffffff;\">Cuando los visitantes dejan comentarios en la web, recopilamos los datos que se muestran en el formulario de comentarios, as\u00ed como la direcci\u00f3n IP del visitante y la cadena de agentes de usuario del navegador para ayudar a la detecci\u00f3n de spam.<\/span><\/p>\n<p><span style=\"color: #ffffff;\">Una cadena an\u00f3nima creada a partir de tu direcci\u00f3n de correo electr\u00f3nico (tambi\u00e9n llamada hash) puede ser proporcionada al servicio de Gravatar para ver si la est\u00e1s usando. La pol\u00edtica de privacidad del servicio Gravatar est\u00e1 disponible aqu\u00ed: https:\/\/automattic.com\/privacy\/. Despu\u00e9s de la aprobaci\u00f3n de tu comentario, la imagen de tu perfil es visible para el p\u00fablico en el contexto de su comentario.<\/span><\/p>\n<h3><span style=\"color: #ffffff;\"><strong>Medios<\/strong><\/span><\/h3>\n<p><span style=\"color: #ffffff;\">Si subes im\u00e1genes a la web deber\u00edas evitar subir im\u00e1genes con datos de ubicaci\u00f3n (GPS EXIF) incluidos. Los visitantes de la web pueden descargar y extraer cualquier dato de localizaci\u00f3n de las im\u00e1genes de la web.<\/span><\/p>\n<h3><span style=\"color: #ffffff;\"><strong>Formularios de contacto<\/strong><\/span><br \/><span style=\"color: #ffffff;\"><strong>Datos identificativos:<\/strong><\/span><\/h3>\n<p><span style=\"color: #ffffff;\">Como Nombre, DNI o Direcci\u00f3n, son solicitados para poder gestionar adecuadamente las reservas de servicios (como alojamiento o seguro deportivo).<\/span><\/p>\n<p><span style=\"color: #ffffff;\"><strong>Datos deportivos:<\/strong><\/span><\/p>\n<p><span style=\"color: #ffffff;\">Como la Edad o Categor\u00eda, son soliciatados para gestionar el tipo de servicio que se presta (seg\u00fan si es un torneo, una masterclass, un campus u otros) a la hora de formar grupos o buscar entrenadores.<\/span><\/p>\n<p><span style=\"color: #ffffff;\"><strong>Datos sobre salud:<\/strong><\/span><\/p>\n<p><span style=\"color: #ffffff;\">Como posibles Enfermedades, Medicaci\u00f3n o Alergias, son utilizados para gestionar las reservas (de comida con el alojamiento) y\/o cerciorarnos de que el servicio solicitado puede ser prestado sin afectar a la saludo del solicitante.<\/span><\/p>\n<p><span style=\"color: #ffffff;\"><strong>Datos de contacto:<\/strong><\/span><\/p>\n<p><span style=\"color: #ffffff;\">Como el Correo electr\u00f3nico o Tel\u00e9fono, son utilizados para poder ponernos en contacto con Ud. a la hora de atender su solicitud.<\/span><\/p>\n<h3><span style=\"color: #ffffff;\"><strong>Cookies<\/strong><\/span><\/h3>\n<p><span style=\"color: #ffffff;\">Si dejas un comentario en nuestro sitio puedes elegir guardar tu nombre, direcci\u00f3n de correo electr\u00f3nico y web en cookies. Esto es para tu comodidad, para que no tengas que volver a rellenar tus datos cuando dejes otro comentario. Estas cookies tendr\u00e1n una duraci\u00f3n de un a\u00f1o.<\/span><\/p>\n<p><span style=\"color: #ffffff;\">Si tienes una cuenta y te conectas a este sitio, instalaremos una cookie temporal para determinar si tu navegador acepta cookies. Esta cookie no contiene datos personales y se elimina al cerrar el navegador.<\/span><\/p>\n<p><span style=\"color: #ffffff;\">Cuando inicias sesi\u00f3n, tambi\u00e9n instalaremos varias cookies para guardar tu informaci\u00f3n de inicio de sesi\u00f3n y tus opciones de visualizaci\u00f3n de pantalla. Las cookies de inicio de sesi\u00f3n duran dos d\u00edas, y las cookies de opciones de pantalla duran un a\u00f1o. Si seleccionas \u00abRecordarme\u00bb, tu inicio de sesi\u00f3n perdurar\u00e1 durante dos semanas. Si sales de tu cuenta, las cookies de inicio de sesi\u00f3n se eliminar\u00e1n.<\/span><\/p>\n<p><span style=\"color: #ffffff;\">Si editas o publicas un art\u00edculo se guardar\u00e1 una cookie adicional en tu navegador. Esta cookie no incluye datos personales y simplemente indica el ID del art\u00edculo que acabas de editar. Caduca despu\u00e9s de 1 d\u00eda.<\/span><\/p>\n<p><span style=\"color: #ffffff;\"><strong>Contenido incrustado de otros sitios web<\/strong><\/span><\/p>\n<p><span style=\"color: #ffffff;\">Los art\u00edculos de este sitio pueden incluir contenido incrustado (por ejemplo, v\u00eddeos, im\u00e1genes, art\u00edculos, etc.). El contenido incrustado de otras web se comporta exactamente de la misma manera que si el visitante hubiera visitado la otra web.<\/span><\/p>\n<p><span style=\"color: #ffffff;\">Estas web pueden recopilar datos sobre ti, utilizar cookies, incrustar un seguimiento adicional de terceros, y supervisar tu interacci\u00f3n con ese contenido incrustado, incluido el seguimiento de tu interacci\u00f3n con el contenido incrustado si tienes una cuenta y est\u00e1s conectado a esa web.<\/span><\/p>\n<p><span style=\"color: #ffffff;\"><strong>Anal\u00edtica<\/strong><\/span><\/p>\n<p><span style=\"color: #ffffff;\">Utilizamos Google Analytics y las herramientas de WordPress.com para m\u00e9tricas de visita (n\u00famero de usuarios, visitas, referencias externas\u2026)<\/span><\/p>\n<div id=\"con-quin-compartimos-tus-datos\" class=\"elementor-tab-title eael-accordion-header show-this active\" tabindex=\"0\" data-tab=\"3\" aria-controls=\"elementor-tab-content-1273\"><span style=\"color: #ffffff;\"><span class=\"eael-accordion-tab-title\">Con qui\u00e9n compartimos tus datos<\/span><i class=\"fa-toggle fas fa-angle-right\" aria-hidden=\"true\"><\/i><\/span><\/div>\n<div id=\"elementor-tab-content-1273\" class=\"eael-accordion-content clearfix\" data-tab=\"3\" aria-labelledby=\"con-quin-compartimos-tus-datos\">\n<p><span style=\"color: #ffffff;\">Los datos que nosotros recogemos s\u00f3lo est\u00e1n disponibles para el uso de la empresa responsable de la web<\/span><\/p>\n<p><span style=\"color: #ffffff;\">Como excepci\u00f3n, ciertos datos (como nombre o edad) pueden ser cedidos a nuestros proveedores en caso de que el usuario sea cliente de nuestros servicios. Se trata de los datos requeridos por los proveedores de hoteles y excursiones.<\/span><\/p>\n<div id=\"cunto-tiempo-conservamos-tus-datos\" class=\"elementor-tab-title eael-accordion-header show-this active\" tabindex=\"0\" data-tab=\"4\" aria-controls=\"elementor-tab-content-1274\"><span style=\"color: #ffffff;\"><span class=\"eael-accordion-tab-title\">Cu\u00e1nto tiempo conservamos tus datos<\/span><i class=\"fa-toggle fas fa-angle-right\" aria-hidden=\"true\"><\/i><\/span><\/div>\n<div id=\"elementor-tab-content-1274\" class=\"eael-accordion-content clearfix\" data-tab=\"4\" aria-labelledby=\"cunto-tiempo-conservamos-tus-datos\">\n<p><span style=\"color: #ffffff;\">Si dejas un comentario, el comentario y sus metadatos se conservan indefinidamente. Esto es para que podamos reconocer y aprobar comentarios sucesivos autom\u00e1ticamente en lugar de mantenerlos en una cola de moderaci\u00f3n.<\/span><\/p>\n<p><span style=\"color: #ffffff;\">De los usuarios que se registran en nuestra web (si los hay), tambi\u00e9n almacenamos la informaci\u00f3n personal que proporcionan en su perfil de usuario. Todos los usuarios pueden ver, editar o eliminar su informaci\u00f3n personal en cualquier momento (excepto que no pueden cambiar su nombre de usuario). Los administradores de la web tambi\u00e9n pueden ver y editar esa informaci\u00f3n.<\/span><\/p>\n<div id=\"qu-derechos-tienes-sobre-tus-datos\" class=\"elementor-tab-title eael-accordion-header show-this active\" tabindex=\"0\" data-tab=\"5\" aria-controls=\"elementor-tab-content-1275\"><span style=\"color: #ffffff;\"><span class=\"eael-accordion-tab-title\">Qu\u00e9 derechos tienes sobre tus datos<\/span><i class=\"fa-toggle fas fa-angle-right\" aria-hidden=\"true\"><\/i><\/span><\/div>\n<div id=\"elementor-tab-content-1275\" class=\"eael-accordion-content clearfix\" data-tab=\"5\" aria-labelledby=\"qu-derechos-tienes-sobre-tus-datos\">\n<p><span style=\"color: #ffffff;\">Si tienes una cuenta o has dejado comentarios en esta web, puedes solicitar recibir un archivo de exportaci\u00f3n de los datos personales que tenemos sobre ti, incluyendo cualquier dato que nos hayas proporcionado. Tambi\u00e9n puedes solicitar que eliminemos cualquier dato personal que tengamos sobre ti. Esto no incluye ning\u00fan dato que estemos obligados a conservar con fines administrativos, legales o de seguridad.<\/span><\/p>\n<div id=\"dnde-enviamos-tus-datos\" class=\"elementor-tab-title eael-accordion-header show-this active\" tabindex=\"0\" data-tab=\"6\" aria-controls=\"elementor-tab-content-1276\"><span style=\"color: #ffffff;\"><span class=\"eael-accordion-tab-title\">D\u00f3nde enviamos tus datos<\/span><i class=\"fa-toggle fas fa-angle-right\" aria-hidden=\"true\"><\/i><\/span><\/div>\n<div id=\"elementor-tab-content-1276\" class=\"eael-accordion-content clearfix\" data-tab=\"6\" aria-labelledby=\"dnde-enviamos-tus-datos\">\n<p><span style=\"color: #ffffff;\">Los comentarios de los visitantes puede que los revise un servicio de detecci\u00f3n autom\u00e1tica de spam.<\/span><\/p>\n<div id=\"tu-informacin-de-contacto\" class=\"elementor-tab-title eael-accordion-header show-this active\" tabindex=\"0\" data-tab=\"7\" aria-controls=\"elementor-tab-content-1277\"><span style=\"color: #ffffff;\"><span class=\"eael-accordion-tab-title\">Tu Informaci\u00f3n de contacto.<\/span><i class=\"fa-toggle fas fa-angle-right\" aria-hidden=\"true\"><\/i><\/span><\/div>\n<div id=\"elementor-tab-content-1277\" class=\"eael-accordion-content clearfix\" data-tab=\"7\" aria-labelledby=\"tu-informacin-de-contacto\">\n<h3>\u00a0<\/h3>\n<p><span style=\"color: #ffffff;\">C\u00f3mo recabamos tus datos personales.<\/span><\/p>\n<ul>\n<li><span style=\"color: #ffffff;\">A trav\u00e9s de formularios de contacto<\/span><\/li>\n<li><span style=\"color: #ffffff;\">Por correo electr\u00f3nico<\/span><\/li>\n<li><span style=\"color: #ffffff;\">Informaci\u00f3n de tus visitas a nuestros sitios web, se trata de informaci\u00f3n personal muy limitada para realizar estad\u00edsticas an\u00f3nimas de nuestros visitantes, v\u00e9ase el apartado de datos sobre cookies<\/span><\/li>\n<li>\n<div id=\"informacin-adicional\" class=\"elementor-tab-title eael-accordion-header show-this active\" tabindex=\"0\" data-tab=\"8\" aria-controls=\"elementor-tab-content-1278\"><span style=\"color: #ffffff;\"><span class=\"eael-accordion-tab-title\">Informaci\u00f3n adicional<\/span><i class=\"fa-toggle fas fa-angle-right\" aria-hidden=\"true\"><\/i><\/span><\/div>\n<div id=\"elementor-tab-content-1278\" class=\"eael-accordion-content clearfix\" data-tab=\"8\" aria-labelledby=\"informacin-adicional\">\n<h3><span style=\"color: #ffffff;\">C\u00f3mo protegemos tus datos<\/span><\/h3>\n<p><span style=\"color: #ffffff;\">Tus datos se encuentran en bases de datos en un servidor privado con medidas de firewall y contrase\u00f1as de alto nivel para evitar el acceso malintencionado.<\/span><\/p>\n<h3><span style=\"color: #ffffff;\">Qu\u00e9 procedimientos utilizamos contra las brechas de datos<\/span><\/h3>\n<p><span style=\"color: #ffffff;\">Desconectamos la fuente de la brecha del resto de la red de datos de inmediato.<\/span><\/p>\n<p><span style=\"color: #ffffff;\">Las medidas de seguridad son comprobadas peri\u00f3dicamente y las contrase\u00f1as modificadas de forma habitual para prevenir fugas.<\/span><\/p>\n<h3><span style=\"color: #ffffff;\">De qu\u00e9 terceros recibimos datos<\/span><\/h3>\n<p><span style=\"color: #ffffff;\">WordPress.com y Google Analytics.<\/span><\/p>\n<h3><span style=\"color: #ffffff;\">Qu\u00e9 tipo de toma de decisiones automatizada y\/o perfilado hacemos con los datos del usuario<\/span><\/h3>\n<p><span style=\"color: #ffffff;\">No realizamos perfiles de usuario a trav\u00e9s de las m\u00e9tricas. S\u00f3lo las utilizamos con el fin de estudiar qu\u00e9 impacto y penetraci\u00f3n en el mercado tiene la marca.<\/span><\/p>\n<h3><span style=\"color: #ffffff;\">Requerimientos regulatorios de revelaci\u00f3n de informaci\u00f3n del sector<\/span><\/h3>\n<p><span style=\"color: #ffffff;\">La informaci\u00f3n es privada y totalmente accesible y modificable por parte de los usuarios.<\/span><\/p>\n<h3><span style=\"color: #ffffff;\">Plugin: Smush<\/span><\/h3>\n<p><span style=\"color: #ffffff;\">Nota: Smush no interact\u00faa con los visitantes de tu web. La \u00fanica opci\u00f3n de datos de entrada que tiene Smush es la suscripci\u00f3n al bolet\u00edn para los administradores del sitio \u00fanicamente. Si quieres notificar a tus usuarios sobre ello en tu pol\u00edtica de privacidad, puedes utilizar la siguiente informaci\u00f3n.<\/span><\/p>\n<p><span style=\"color: #ffffff;\">Smush env\u00eda im\u00e1genes a los servidores de WPMU DEV optimiz\u00e1ndolas para su uso en la web. Esto incluye la transferencia de datos EXIF. Los datos EXIF ser\u00e1n eliminados o devueltos tal cual. No ser\u00e1n guardados en los servidores de WPMU DEV.<\/span><\/p>\n<p><span style=\"color: #ffffff;\">Smush usa un servicio externo de correo electr\u00f3nico (Drip) para enviar correos informativos al administrador del sitio. El correo electr\u00f3nico del administrador es enviado a Drip y una cookie es establecida para este servicio. S\u00f3lo la informaci\u00f3n del administrador es recopilada por Drip.<\/span><\/p>\n<\/div>\n<\/li>\n<\/ul>\n<\/div>\n<\/div>\n<\/div>\n<\/div>\n<\/div>\t\t\t\t\t\t\t\t<\/div>\n\t\t\t\t<\/div>\n\t\t\t\t\t<\/div>\n\t\t\t\t<\/div>\n\t\t\t\t<\/div>\n\t\t","protected":false},"excerpt":{"rendered":"<p>Pol\u00edtica de Privacidad Qui\u00e9nes somos La direcci\u00f3n de nuestra web es: https:\/\/academiacf.com \u00a0 Comentarios Cuando los visitantes dejan comentarios en la web, recopilamos los datos que se muestran en el formulario de comentarios, as\u00ed como la direcci\u00f3n IP del visitante y la cadena de agentes de usuario del navegador para ayudar a la detecci\u00f3n de spam. Una cadena an\u00f3nima creada a partir de tu direcci\u00f3n de correo electr\u00f3nico (tambi\u00e9n llamada hash) puede ser proporcionada al servicio de Gravatar para ver si la est\u00e1s usando. La pol\u00edtica de privacidad del servicio Gravatar est\u00e1 disponible aqu\u00ed: https:\/\/automattic.com\/privacy\/. Despu\u00e9s de la aprobaci\u00f3n de tu comentario, la imagen de tu perfil es visible para el p\u00fablico en el contexto de su comentario. Medios Si subes im\u00e1genes a la web deber\u00edas evitar subir im\u00e1genes con datos de ubicaci\u00f3n (GPS EXIF) incluidos. Los visitantes de la web pueden descargar y extraer cualquier dato de localizaci\u00f3n de las im\u00e1genes de la web. Formularios de contactoDatos identificativos: Como Nombre, DNI o Direcci\u00f3n, son solicitados para poder gestionar adecuadamente las reservas de servicios (como alojamiento o seguro deportivo). Datos deportivos: Como la Edad o Categor\u00eda, son soliciatados para gestionar el tipo de servicio que se presta (seg\u00fan si es un torneo, una masterclass, un campus u otros) a la hora de formar grupos o buscar entrenadores. Datos sobre salud: Como posibles Enfermedades, Medicaci\u00f3n o Alergias, son utilizados para gestionar las reservas (de comida con el alojamiento) y\/o cerciorarnos de que el servicio solicitado puede ser prestado sin afectar a la saludo del solicitante. Datos de contacto: Como el Correo electr\u00f3nico o Tel\u00e9fono, son utilizados para poder ponernos en contacto con Ud. a la hora de atender su solicitud. Cookies Si dejas un comentario en nuestro sitio puedes elegir guardar tu nombre, direcci\u00f3n de correo electr\u00f3nico y web en cookies. Esto es para tu comodidad, para que no tengas que volver a rellenar tus datos cuando dejes otro comentario. Estas cookies tendr\u00e1n una duraci\u00f3n de un a\u00f1o. Si tienes una cuenta y te conectas a este sitio, instalaremos una cookie temporal para determinar si tu navegador acepta cookies. Esta cookie no contiene datos personales y se elimina al cerrar el navegador. Cuando inicias sesi\u00f3n, tambi\u00e9n instalaremos varias cookies para guardar tu informaci\u00f3n de inicio de sesi\u00f3n y tus opciones de visualizaci\u00f3n de pantalla. Las cookies de inicio de sesi\u00f3n duran dos d\u00edas, y las cookies de opciones de pantalla duran un a\u00f1o. Si seleccionas \u00abRecordarme\u00bb, tu inicio de sesi\u00f3n perdurar\u00e1 durante dos semanas. Si sales de tu cuenta, las cookies de inicio de sesi\u00f3n se eliminar\u00e1n. Si editas o publicas un art\u00edculo se guardar\u00e1 una cookie adicional en tu navegador. Esta cookie no incluye datos personales y simplemente indica el ID del art\u00edculo que acabas de editar. Caduca despu\u00e9s de 1 d\u00eda. Contenido incrustado de otros sitios web Los art\u00edculos de este sitio pueden incluir contenido incrustado (por ejemplo, v\u00eddeos, im\u00e1genes, art\u00edculos, etc.). El contenido incrustado de otras web se comporta exactamente de la misma manera que si el visitante hubiera visitado la otra web. Estas web pueden recopilar datos sobre ti, utilizar cookies, incrustar un seguimiento adicional de terceros, y supervisar tu interacci\u00f3n con ese contenido incrustado, incluido el seguimiento de tu interacci\u00f3n con el contenido incrustado si tienes una cuenta y est\u00e1s conectado a esa web. Anal\u00edtica Utilizamos Google Analytics y las herramientas de WordPress.com para m\u00e9tricas de visita (n\u00famero de usuarios, visitas, referencias externas\u2026) Con qui\u00e9n compartimos tus datos Los datos que nosotros recogemos s\u00f3lo est\u00e1n disponibles para el uso de la empresa responsable de la web Como excepci\u00f3n, ciertos datos (como nombre o edad) pueden ser cedidos a nuestros proveedores en caso de que el usuario sea cliente de nuestros servicios. Se trata de los datos requeridos por los proveedores de hoteles y excursiones. Cu\u00e1nto tiempo conservamos tus datos Si dejas un comentario, el comentario y sus metadatos se conservan indefinidamente. Esto es para que podamos reconocer y aprobar comentarios sucesivos autom\u00e1ticamente en lugar de mantenerlos en una cola de moderaci\u00f3n. De los usuarios que se registran en nuestra web (si los hay), tambi\u00e9n almacenamos la informaci\u00f3n personal que proporcionan en su perfil de usuario. Todos los usuarios pueden ver, editar o eliminar su informaci\u00f3n personal en cualquier momento (excepto que no pueden cambiar su nombre de usuario). Los administradores de la web tambi\u00e9n pueden ver y editar esa informaci\u00f3n. Qu\u00e9 derechos tienes sobre tus datos Si tienes una cuenta o has dejado comentarios en esta web, puedes solicitar recibir un archivo de exportaci\u00f3n de los datos personales que tenemos sobre ti, incluyendo cualquier dato que nos hayas proporcionado. Tambi\u00e9n puedes solicitar que eliminemos cualquier dato personal que tengamos sobre ti. Esto no incluye ning\u00fan dato que estemos obligados a conservar con fines administrativos, legales o de seguridad. D\u00f3nde enviamos tus datos Los comentarios de los visitantes puede que los revise un servicio de detecci\u00f3n autom\u00e1tica de spam. Tu Informaci\u00f3n de contacto. \u00a0 C\u00f3mo recabamos tus datos personales. A trav\u00e9s de formularios de contacto Por correo electr\u00f3nico Informaci\u00f3n de tus visitas a nuestros sitios web, se trata de informaci\u00f3n personal muy limitada para realizar estad\u00edsticas an\u00f3nimas de nuestros visitantes, v\u00e9ase el apartado de datos sobre cookies Informaci\u00f3n adicional C\u00f3mo protegemos tus datos Tus datos se encuentran en bases de datos en un servidor privado con medidas de firewall y contrase\u00f1as de alto nivel para evitar el acceso malintencionado. Qu\u00e9 procedimientos utilizamos contra las brechas de datos Desconectamos la fuente de la brecha del resto de la red de datos de inmediato. Las medidas de seguridad son comprobadas peri\u00f3dicamente y las contrase\u00f1as modificadas de forma habitual para prevenir fugas. De qu\u00e9 terceros recibimos datos WordPress.com y Google Analytics. Qu\u00e9 tipo de toma de decisiones automatizada y\/o perfilado hacemos con los datos del usuario No realizamos perfiles de usuario a trav\u00e9s de las m\u00e9tricas. S\u00f3lo las utilizamos con el fin de estudiar qu\u00e9 impacto y penetraci\u00f3n en el mercado tiene la marca. Requerimientos regulatorios de revelaci\u00f3n de informaci\u00f3n del sector La informaci\u00f3n es privada y totalmente accesible<\/p>\n","protected":false},"author":1,"featured_media":0,"parent":0,"menu_order":0,"comment_status":"closed","ping_status":"closed","template":"elementor_header_footer","meta":{"site-sidebar-layout":"default","site-content-layout":"","ast-site-content-layout":"default","site-content-style":"default","site-sidebar-style":"default","ast-global-header-display":"","ast-banner-title-visibility":"","ast-main-header-display":"","ast-hfb-above-header-display":"","ast-hfb-below-header-display":"","ast-hfb-mobile-header-display":"","site-post-title":"","ast-breadcrumbs-content":"","ast-featured-img":"","footer-sml-layout":"","theme-transparent-header-meta":"","adv-header-id-meta":"","stick-header-meta":"","header-above-stick-meta":"","header-main-stick-meta":"","header-below-stick-meta":"","astra-migrate-meta-layouts":"default","ast-page-background-enabled":"default","ast-page-background-meta":{"desktop":{"background-color":"var(--ast-global-color-5)","background-image":"","background-repeat":"repeat","background-position":"center center","background-size":"auto","background-attachment":"scroll","background-type":"","background-media":"","overlay-type":"","overlay-color":"","overlay-opacity":"","overlay-gradient":""},"tablet":{"background-color":"","background-image":"","background-repeat":"repeat","background-position":"center center","background-size":"auto","background-attachment":"scroll","background-type":"","background-media":"","overlay-type":"","overlay-color":"","overlay-opacity":"","overlay-gradient":""},"mobile":{"background-color":"","background-image":"","background-repeat":"repeat","background-position":"center center","background-size":"auto","background-attachment":"scroll","background-type":"","background-media":"","overlay-type":"","overlay-color":"","overlay-opacity":"","overlay-gradient":""}},"ast-content-background-meta":{"desktop":{"background-color":"var(--ast-global-color-4)","background-image":"","background-repeat":"repeat","background-position":"center center","background-size":"auto","background-attachment":"scroll","background-type":"","background-media":"","overlay-type":"","overlay-color":"","overlay-opacity":"","overlay-gradient":""},"tablet":{"background-color":"var(--ast-global-color-4)","background-image":"","background-repeat":"repeat","background-position":"center center","background-size":"auto","background-attachment":"scroll","background-type":"","background-media":"","overlay-type":"","overlay-color":"","overlay-opacity":"","overlay-gradient":""},"mobile":{"background-color":"var(--ast-global-color-4)","background-image":"","background-repeat":"repeat","background-position":"center center","background-size":"auto","background-attachment":"scroll","background-type":"","background-media":"","overlay-type":"","overlay-color":"","overlay-opacity":"","overlay-gradient":""}},"footnotes":""},"class_list":["post-3","page","type-page","status-publish","hentry"],"_links":{"self":[{"href":"https:\/\/academiacf.com\/index.php\/wp-json\/wp\/v2\/pages\/3","targetHints":{"allow":["GET"]}}],"collection":[{"href":"https:\/\/academiacf.com\/index.php\/wp-json\/wp\/v2\/pages"}],"about":[{"href":"https:\/\/academiacf.com\/index.php\/wp-json\/wp\/v2\/types\/page"}],"author":[{"embeddable":true,"href":"https:\/\/academiacf.com\/index.php\/wp-json\/wp\/v2\/users\/1"}],"replies":[{"embeddable":true,"href":"https:\/\/academiacf.com\/index.php\/wp-json\/wp\/v2\/comments?post=3"}],"version-history":[{"count":7,"href":"https:\/\/academiacf.com\/index.php\/wp-json\/wp\/v2\/pages\/3\/revisions"}],"predecessor-version":[{"id":958,"href":"https:\/\/academiacf.com\/index.php\/wp-json\/wp\/v2\/pages\/3\/revisions\/958"}],"wp:attachment":[{"href":"https:\/\/academiacf.com\/index.php\/wp-json\/wp\/v2\/media?parent=3"}],"curies":[{"name":"wp","href":"https:\/\/api.w.org\/{rel}","templated":true}]}}